{"id":7,"date":"2019-10-06T21:07:41","date_gmt":"2019-10-06T19:07:41","guid":{"rendered":"http:\/\/aspic.local\/?page_id=2"},"modified":"2025-10-11T10:18:53","modified_gmt":"2025-10-11T08:18:53","slug":"association","status":"publish","type":"page","link":"https:\/\/aspic28.org\/?page_id=7","title":{"rendered":"L&rsquo;association"},"content":{"rendered":"\n<p>&nbsp;L\u2019ASPIC porte ce nom car nous avons voulu cette image forte et imp\u00e9tueuse de notre petit Prince plac\u00e9 aux c\u00f4t\u00e9s d\u2019un serpent, la proximit\u00e9 de l\u2019enfant et de l\u2019animal symbolisant les manifestations symptomatiques li\u00e9es \u00e0 l\u2019expression directe de la maladie mentale. En effet, les enfants que nous aidons, sont travers\u00e9s \u00e0 des degr\u00e9s variables, par des \u00e9motions fortes pouvant entraver leurs parcours vers l\u2019\u00e2ge adulte.<\/p>\n\n\n<div class=\"wp-block-image\">\n<figure class=\"aligncenter size-full is-resized\"><img loading=\"lazy\" decoding=\"async\" width=\"150\" height=\"130\" src=\"http:\/\/aspic28.org\/wp-content\/uploads\/2020\/02\/logo.jpg\" alt=\"\" class=\"wp-image-76\" style=\"width:128px;height:111px\"\/><\/figure>\n<\/div>\n\n\n<div class=\"wp-block-columns is-layout-flex wp-container-core-columns-is-layout-9d6595d7 wp-block-columns-is-layout-flex\">\n<div class=\"wp-block-column is-layout-flow wp-block-column-is-layout-flow\" style=\"flex-basis:100%\">\n<figure class=\"wp-block-image size-large\"><img loading=\"lazy\" decoding=\"async\" width=\"1024\" height=\"704\" src=\"http:\/\/aspic28.org\/wp-content\/uploads\/2023\/04\/slide1-1024x704.png\" alt=\"\" class=\"wp-image-114\" srcset=\"https:\/\/aspic28.org\/wp-content\/uploads\/2023\/04\/slide1-1024x704.png 1024w, https:\/\/aspic28.org\/wp-content\/uploads\/2023\/04\/slide1-300x206.png 300w, https:\/\/aspic28.org\/wp-content\/uploads\/2023\/04\/slide1-768x528.png 768w, https:\/\/aspic28.org\/wp-content\/uploads\/2023\/04\/slide1.png 1173w\" sizes=\"auto, (max-width: 1024px) 100vw, 1024px\" \/><\/figure>\n<\/div>\n<\/div>\n\n\n\n<div class=\"wp-block-columns is-layout-flex wp-container-core-columns-is-layout-9d6595d7 wp-block-columns-is-layout-flex\">\n<div class=\"wp-block-column is-layout-flow wp-block-column-is-layout-flow\" style=\"flex-basis:100%\">\n<figure class=\"wp-block-image size-large\"><img loading=\"lazy\" decoding=\"async\" width=\"1024\" height=\"704\" src=\"http:\/\/aspic28.org\/wp-content\/uploads\/2023\/04\/slide2-1024x704.png\" alt=\"\" class=\"wp-image-115\" srcset=\"https:\/\/aspic28.org\/wp-content\/uploads\/2023\/04\/slide2-1024x704.png 1024w, https:\/\/aspic28.org\/wp-content\/uploads\/2023\/04\/slide2-300x206.png 300w, https:\/\/aspic28.org\/wp-content\/uploads\/2023\/04\/slide2-768x528.png 768w, https:\/\/aspic28.org\/wp-content\/uploads\/2023\/04\/slide2.png 1287w\" sizes=\"auto, (max-width: 1024px) 100vw, 1024px\" \/><\/figure>\n<\/div>\n<\/div>\n\n\n\n<div class=\"wp-block-columns is-layout-flex wp-container-core-columns-is-layout-9d6595d7 wp-block-columns-is-layout-flex\">\n<div class=\"wp-block-column is-layout-flow wp-block-column-is-layout-flow\" style=\"flex-basis:100%\">\n<figure class=\"wp-block-image size-large\"><img loading=\"lazy\" decoding=\"async\" width=\"1024\" height=\"661\" src=\"http:\/\/aspic28.org\/wp-content\/uploads\/2023\/04\/slide3-1024x661.png\" alt=\"\" class=\"wp-image-116\" srcset=\"https:\/\/aspic28.org\/wp-content\/uploads\/2023\/04\/slide3-1024x661.png 1024w, https:\/\/aspic28.org\/wp-content\/uploads\/2023\/04\/slide3-300x194.png 300w, https:\/\/aspic28.org\/wp-content\/uploads\/2023\/04\/slide3-768x496.png 768w, https:\/\/aspic28.org\/wp-content\/uploads\/2023\/04\/slide3.png 1353w\" sizes=\"auto, (max-width: 1024px) 100vw, 1024px\" \/><\/figure>\n<\/div>\n<\/div>\n\n\n\n<figure class=\"wp-block-image size-large\"><img loading=\"lazy\" decoding=\"async\" width=\"1024\" height=\"678\" src=\"http:\/\/aspic28.org\/wp-content\/uploads\/2023\/04\/slide4-1024x678.png\" alt=\"\" class=\"wp-image-118\" srcset=\"https:\/\/aspic28.org\/wp-content\/uploads\/2023\/04\/slide4-1024x678.png 1024w, https:\/\/aspic28.org\/wp-content\/uploads\/2023\/04\/slide4-300x199.png 300w, https:\/\/aspic28.org\/wp-content\/uploads\/2023\/04\/slide4-768x509.png 768w, https:\/\/aspic28.org\/wp-content\/uploads\/2023\/04\/slide4-120x80.png 120w, https:\/\/aspic28.org\/wp-content\/uploads\/2023\/04\/slide4.png 1332w\" sizes=\"auto, (max-width: 1024px) 100vw, 1024px\" \/><\/figure>\n\n\n\n<div class=\"wp-block-columns is-layout-flex wp-container-core-columns-is-layout-9d6595d7 wp-block-columns-is-layout-flex\">\n<div class=\"wp-block-column is-layout-flow wp-block-column-is-layout-flow\"><\/div>\n<\/div>\n\n\n\n<div class=\"wp-block-columns is-layout-flex wp-container-core-columns-is-layout-9d6595d7 wp-block-columns-is-layout-flex\">\n<div class=\"wp-block-column is-layout-flow wp-block-column-is-layout-flow\">\n<h2 class=\"wp-block-heading\">Les objectifs<\/h2>\n\n\n\n<figure class=\"wp-block-image size-full\"><img loading=\"lazy\" decoding=\"async\" width=\"928\" height=\"741\" src=\"http:\/\/aspic28.org\/wp-content\/uploads\/2023\/04\/objectifs.png\" alt=\"\" class=\"wp-image-120\" srcset=\"https:\/\/aspic28.org\/wp-content\/uploads\/2023\/04\/objectifs.png 928w, https:\/\/aspic28.org\/wp-content\/uploads\/2023\/04\/objectifs-300x240.png 300w, https:\/\/aspic28.org\/wp-content\/uploads\/2023\/04\/objectifs-768x613.png 768w\" sizes=\"auto, (max-width: 928px) 100vw, 928px\" \/><\/figure>\n\n\n\n<p><\/p>\n\n\n\n<h2 class=\"wp-block-heading\">Le bureau<\/h2>\n<\/div>\n<\/div>\n\n\n\n<div class=\"wp-block-columns is-layout-flex wp-container-core-columns-is-layout-9d6595d7 wp-block-columns-is-layout-flex\">\n<div class=\"wp-block-column is-layout-flow wp-block-column-is-layout-flow\">\n<figure class=\"wp-block-image size-full\"><img loading=\"lazy\" decoding=\"async\" width=\"947\" height=\"447\" src=\"http:\/\/aspic28.org\/wp-content\/uploads\/2023\/04\/bureau.jpeg\" alt=\"\" class=\"wp-image-123\" srcset=\"https:\/\/aspic28.org\/wp-content\/uploads\/2023\/04\/bureau.jpeg 947w, https:\/\/aspic28.org\/wp-content\/uploads\/2023\/04\/bureau-300x142.jpeg 300w, https:\/\/aspic28.org\/wp-content\/uploads\/2023\/04\/bureau-768x363.jpeg 768w\" sizes=\"auto, (max-width: 947px) 100vw, 947px\" \/><\/figure>\n<\/div>\n<\/div>\n\n\n\n<p>Ci-dessous la composition du bureau de l\u2019ASPIC,\u00a0 \u00e9lu lors de l\u2019Assembl\u00e9e G\u00e9n\u00e9rale du 29 avril 2025<\/p>\n\n\n\n<h5 class=\"wp-block-heading\"><strong><strong>PR\u00c9SIDENT<\/strong> D\u2019 HONNEUR<\/strong><\/h5>\n\n\n\n<p class=\"has-text-align-center\">Monsieur <strong>MASSONNEAU \u00c9ric,<\/strong> Educateur Sp\u00e9cialis\u00e9<strong> <\/strong>retrait\u00e9<\/p>\n\n\n\n<h5 class=\"wp-block-heading\"><strong>PR\u00c9SIDENT<\/strong><\/h5>\n\n\n\n<p class=\"has-text-align-center\">Madame <strong>BUISSON Ang\u00e9lique, <\/strong>Infirmi\u00e8re<\/p>\n\n\n\n<h5 class=\"wp-block-heading\"><strong>VICE PR\u00c9SIDENT<\/strong><\/h5>\n\n\n\n<p class=\"has-text-align-center\">Monsieur <strong>MALENFANT Philippe, <\/strong>Parent administrateur<\/p>\n\n\n\n<h5 class=\"wp-block-heading\"><strong>SECR\u00c9TAIRE<\/strong><\/h5>\n\n\n\n<p class=\"has-text-align-center\">Madame <strong>CHEVALIER Oph\u00e9lie<\/strong>, Psychomotricienne<\/p>\n\n\n\n<h5 class=\"wp-block-heading\"><strong>SECR\u00c9TAIRE ADJOINTE<\/strong><\/h5>\n\n\n\n<p class=\"has-text-align-center\">Madame <strong>DUPORTAIL Nathalie, <\/strong>Infirmi\u00e8re retrait\u00e9e<\/p>\n\n\n\n<h5 class=\"wp-block-heading\"><strong>TR\u00c9SORIER<\/strong><\/h5>\n\n\n\n<p class=\"has-text-align-center\">Monsieur <strong>LONGRAIS Anicet, <\/strong>Educateur sp\u00e9cialis\u00e9<\/p>\n\n\n\n<h5 class=\"wp-block-heading\"><strong>TR\u00c9SORIER ADJOINT<\/strong><\/h5>\n\n\n\n<p class=\"has-text-align-center\">Madame <strong>FERRON Agn\u00e8s, <\/strong>\u00a0Aide m\u00e9dico-psychologique<\/p>\n","protected":false},"excerpt":{"rendered":"<p>&nbsp;L\u2019ASPIC porte ce nom car nous avons voulu cette image forte et imp\u00e9tueuse de notre petit Prince plac\u00e9 aux c\u00f4t\u00e9s d\u2019un serpent, la proximit\u00e9 de l\u2019enfant et de l\u2019animal symbolisant les manifestations symptomatiques li\u00e9es \u00e0 l\u2019expression directe de la maladie mentale. En effet, les enfants que nous aidons, sont travers\u00e9s \u00e0 des degr\u00e9s variables, par [&hellip;]<\/p>\n","protected":false},"author":1,"featured_media":0,"parent":0,"menu_order":0,"comment_status":"closed","ping_status":"open","template":"","meta":{"footnotes":""},"class_list":["post-7","page","type-page","status-publish","hentry"],"_links":{"self":[{"href":"https:\/\/aspic28.org\/index.php?rest_route=\/wp\/v2\/pages\/7","targetHints":{"allow":["GET"]}}],"collection":[{"href":"https:\/\/aspic28.org\/index.php?rest_route=\/wp\/v2\/pages"}],"about":[{"href":"https:\/\/aspic28.org\/index.php?rest_route=\/wp\/v2\/types\/page"}],"author":[{"embeddable":true,"href":"https:\/\/aspic28.org\/index.php?rest_route=\/wp\/v2\/users\/1"}],"replies":[{"embeddable":true,"href":"https:\/\/aspic28.org\/index.php?rest_route=%2Fwp%2Fv2%2Fcomments&post=7"}],"version-history":[{"count":28,"href":"https:\/\/aspic28.org\/index.php?rest_route=\/wp\/v2\/pages\/7\/revisions"}],"predecessor-version":[{"id":352,"href":"https:\/\/aspic28.org\/index.php?rest_route=\/wp\/v2\/pages\/7\/revisions\/352"}],"wp:attachment":[{"href":"https:\/\/aspic28.org\/index.php?rest_route=%2Fwp%2Fv2%2Fmedia&parent=7"}],"curies":[{"name":"wp","href":"https:\/\/api.w.org\/{rel}","templated":true}]}}